{"id":281,"date":"2024-11-23T08:16:02","date_gmt":"2024-11-23T08:16:02","guid":{"rendered":"http:\/\/kschv-nf.de\/wordpress\/?page_id=281"},"modified":"2025-11-03T16:45:41","modified_gmt":"2025-11-03T16:45:41","slug":"lm-ergebnisse-2024","status":"publish","type":"page","link":"https:\/\/kschv-nf.de\/wordpress\/lm-ergebnisse-2024\/","title":{"rendered":"LM Ergebnisse"},"content":{"rendered":"\n<p class=\"has-medium-font-size\"><strong>LM Ergebnisse 2025<\/strong><\/p>\n\n\n\n<p class=\"has-small-font-size\"><strong>Erreichte Ergebnisse bei den LM 2025<\/strong> <strong> f\u00fcr den Kreis NF<\/strong><\/p>\n\n\n\n<div class=\"wp-block-file\"><a id=\"wp-block-file--media-90e15866-b580-4e09-86a7-bb3c93cfbad7\" href=\"https:\/\/kschv-nf.de\/wordpress\/wp-content\/uploads\/2025\/11\/Ergebnisse-LM-2025.pdf\" target=\"_blank\" rel=\"noreferrer noopener\"><strong>Ergebnisse LM 2025<\/strong><\/a><\/div>\n\n\n\n<hr class=\"wp-block-separator has-alpha-channel-opacity is-style-wide\"\/>\n\n\n\n<p class=\"has-medium-font-size\"><strong>LM Ergebnisse 2024<\/strong><\/p>\n\n\n\n<div class=\"wp-block-file\"><a id=\"wp-block-file--media-ebbb8ce0-4041-4bce-81c6-b4c760c6ada5\" href=\"https:\/\/kschv-nf.de\/wordpress\/wp-content\/uploads\/2025\/11\/Erreichte-Ergebnisse-bei-den-LM-2024-fuer-den-Kreis-NF.pdf\" target=\"_blank\" rel=\"noreferrer noopener\"><strong>Erreichte Ergebnisse bei den LM 2024 f\u00fcr den Kreis NF<\/strong><\/a><\/div>\n\n\n\n<hr class=\"wp-block-separator has-alpha-channel-opacity is-style-wide\"\/>\n\n\n\n<p class=\"has-medium-font-size\"><strong>LM Ergebnisse 2023<\/strong><\/p>\n\n\n\n<p style=\"font-size:0.8rem;line-height:0.9\"><strong><a href=\"https:\/\/www.homepage-baukasten-dateien.de\/schuetzen-nf\/Erreichte%20Ergebnisse%20bei%20LM%202023%20f%C3%BCr%20den%20Kreis%20NF.pdf\">Erreichte Ergebnisse bei LM 2023 f\u00fcr den Kreis NF.pdf<\/a><br><br><a href=\"https:\/\/www.homepage-baukasten-dateien.de\/schuetzen-nf\/Erreichte%20Ergebnisse%20bei%20den%20LM%20NDSB%202023%20f%C3%BCr%20den%20Kreis%20NF.pdf\">Erreichte Ergebnisse bei den LM NDSB 2023 f\u00fcr den Kreis NF.pdf<\/a><br><a href=\"https:\/\/www.homepage-baukasten-dateien.de\/schuetzen-nf\/Erreichte%20Ergebnisse%20bei%20LM%202022%20f%C3%BCr%20den%20Kreis%20NF.pdf\"><br><\/a><\/strong><\/p>\n\n\n\n<hr class=\"wp-block-separator has-alpha-channel-opacity is-style-wide\"\/>\n\n\n\n<p class=\"has-medium-font-size\"><strong>LM Ergebnisse 2022<\/strong><\/p>\n\n\n\n<p class=\"has-small-font-size\" style=\"line-height:0.9\"><strong><a href=\"https:\/\/www.homepage-baukasten-dateien.de\/schuetzen-nf\/Erreichte%20Ergebnisse%20bei%20LM%202022%20f%C3%BCr%20den%20Kreis%20NF.pdf\">Erreichte Ergebnisse bei LM 2022 f\u00fcr den Kreis NF.pdf<\/a><br><br><a href=\"https:\/\/www.homepage-baukasten-dateien.de\/schuetzen-nf\/Erreichte%20Ergebnisse%20bei%20den%20LM%20NDSB%202022%20f%C3%BCr%20den%20Kreis%20NF.pdf\">Erreichte Ergebnisse bei den LM NDSB 2022 f\u00fcr den Kreis NF.pdf<\/a><\/strong><\/p>\n\n\n\n<p><\/p>\n","protected":false},"excerpt":{"rendered":"<p>LM Ergebnisse 2025 Erreichte Ergebnisse bei den LM 2025 f\u00fcr den Kreis NF LM Ergebnisse 2024 LM Ergebnisse 2023 Erreichte Ergebnisse bei LM 2023 f\u00fcr den Kreis NF.pdf Erreichte Ergebnisse bei den LM NDSB 2023 f\u00fcr den Kreis NF.pdf LM Ergebnisse 2022 Erreichte Ergebnisse bei LM 2022 f\u00fcr den Kreis NF.pdf Erreichte Ergebnisse bei den [&hellip;]<\/p>\n","protected":false},"author":1,"featured_media":0,"parent":0,"menu_order":0,"comment_status":"closed","ping_status":"closed","template":"","meta":{"footnotes":""},"class_list":["post-281","page","type-page","status-publish","hentry"],"_links":{"self":[{"href":"https:\/\/kschv-nf.de\/wordpress\/wp-json\/wp\/v2\/pages\/281","targetHints":{"allow":["GET"]}}],"collection":[{"href":"https:\/\/kschv-nf.de\/wordpress\/wp-json\/wp\/v2\/pages"}],"about":[{"href":"https:\/\/kschv-nf.de\/wordpress\/wp-json\/wp\/v2\/types\/page"}],"author":[{"embeddable":true,"href":"https:\/\/kschv-nf.de\/wordpress\/wp-json\/wp\/v2\/users\/1"}],"replies":[{"embeddable":true,"href":"https:\/\/kschv-nf.de\/wordpress\/wp-json\/wp\/v2\/comments?post=281"}],"version-history":[{"count":9,"href":"https:\/\/kschv-nf.de\/wordpress\/wp-json\/wp\/v2\/pages\/281\/revisions"}],"predecessor-version":[{"id":1075,"href":"https:\/\/kschv-nf.de\/wordpress\/wp-json\/wp\/v2\/pages\/281\/revisions\/1075"}],"wp:attachment":[{"href":"https:\/\/kschv-nf.de\/wordpress\/wp-json\/wp\/v2\/media?parent=281"}],"curies":[{"name":"wp","href":"https:\/\/api.w.org\/{rel}","templated":true}]}}